{"id":837,"date":"2025-10-20T14:29:38","date_gmt":"2025-10-20T12:29:38","guid":{"rendered":"https:\/\/fiches-especes.simonpotier.fr\/?page_id=837"},"modified":"2026-03-25T18:12:25","modified_gmt":"2026-03-25T17:12:25","slug":"origine-et-construction-des-donnees","status":"publish","type":"page","link":"https:\/\/spes.anivise.fr\/index.php\/origine-et-construction-des-donnees\/","title":{"rendered":"Origine et construction des donn\u00e9es"},"content":{"rendered":"\t\t<div data-elementor-type=\"wp-post\" data-elementor-id=\"837\" class=\"elementor elementor-837\" data-elementor-post-type=\"page\">\n\t\t\t\t<div class=\"elementor-element elementor-element-22c3da6 e-flex e-con-boxed parallax_section_no qode_elementor_container_no e-con e-parent\" data-id=\"22c3da6\" data-element_type=\"container\">\n\t\t\t\t\t<div class=\"e-con-inner\">\n\t\t\t\t<div class=\"elementor-element elementor-element-9d86a28 elementor-widget elementor-widget-text-editor\" data-id=\"9d86a28\" data-element_type=\"widget\" data-widget_type=\"text-editor.default\">\n\t\t\t\t<div class=\"elementor-widget-container\">\n\t\t\t\t\t\t\t\t\t<p>Ce site propose une visualisation enrichie de donn\u00e9es scientifiques issues de bases ouvertes et fiables.<br data-start=\"514\" data-end=\"517\">Voici les sources utilis\u00e9es pour chaque type d\u2019information, ainsi que les m\u00e9thodes de construction des donn\u00e9es affich\u00e9es :<\/p>\n<h3 data-start=\"648\" data-end=\"677\"><strong data-start=\"656\" data-end=\"677\">Image de l\u2019esp\u00e8ce<\/strong><\/h3>\n<p data-start=\"678\" data-end=\"875\">Les images sont automatiquement r\u00e9cup\u00e9r\u00e9es via l\u2019<strong data-start=\"727\" data-end=\"747\">API de Wikipedia<\/strong>, sur la base du nom scientifique de l\u2019esp\u00e8ce.<br data-start=\"793\" data-end=\"796\">Si aucune image n\u2019est trouv\u00e9e, un message d\u2019information est affich\u00e9 \u00e0 la place.<\/p>\n<h3 data-start=\"882\" data-end=\"941\"><strong data-start=\"889\" data-end=\"941\">Nom fran\u00e7ais, nom scientifique, noms \u00e9trangers et classification<\/strong><\/h3>\n<p data-start=\"942\" data-end=\"1072\">Ces donn\u00e9es sont extraites de la base <strong data-start=\"980\" data-end=\"1008\">IOC World Bird List V14.2<\/strong>, une r\u00e9f\u00e9rence taxonomique reconnue \u00e0 l\u2019\u00e9chelle internationale : <a target=\"_new\" rel=\"noopener\" data-start=\"1144\" data-end=\"1208\">https:\/\/www.worldbirdnames.org<\/a><\/p>\n<p><a target=\"_new\" rel=\"noopener\" data-start=\"1144\" data-end=\"1208\">&nbsp;<br><\/a><\/p>\n<h3 style=\"background-color: #f6f6f6; line-height: 1.30435em; letter-spacing: normal;\" data-start=\"1215\" data-end=\"1273\"><strong data-start=\"1222\" data-end=\"1273\">CARTES DE DISTRIBUTION<\/strong><\/h3>\n<div style=\"background-color: #f6f6f6;\">\n<p data-start=\"244\" data-end=\"387\">Les cartes de distribution affich\u00e9es sur ce site ont \u00e9t\u00e9 g\u00e9n\u00e9r\u00e9es \u00e0 partir de deux sources compl\u00e9mentaires selon la disponibilit\u00e9 des donn\u00e9es :<\/p>\n<p data-start=\"244\" data-end=\"387\"><strong data-start=\"391\" data-end=\"423\">&nbsp;<\/strong><\/p>\n<p data-start=\"244\" data-end=\"387\"><strong data-start=\"391\" data-end=\"423\">Cartes eBird Status &amp; Trends<\/strong> : lorsque disponibles, les cartes ont \u00e9t\u00e9 g\u00e9n\u00e9r\u00e9es automatiquement gr\u00e2ce au package R <code data-start=\"510\" data-end=\"521\">{ebirdst}<\/code> en s&rsquo;appuyant sur les donn\u00e9es d\u2019abondance saisonni\u00e8re fournies par le projet <em data-start=\"599\" data-end=\"624\">eBird Status and Trends<\/em> (Cornell Lab of Ornithology). Une cl\u00e9 d\u2019acc\u00e8s a \u00e9t\u00e9 obtenue conform\u00e9ment aux conditions d\u2019utilisation d\u2019eBird. Certaines cartes proviennent \u00e9galement de INaturalist (fonds marron). Les cartes r\u00e9sultantes sont issues d\u2019un traitement par raster, lissage et projection, et pr\u00e9sent\u00e9es sous forme d\u2019abondance relative cumul\u00e9e sur l\u2019ann\u00e9e. Les cartes ont \u00e9t\u00e9 stylis\u00e9es avec <code data-start=\"1314\" data-end=\"1323\">ggplot2<\/code> et superpos\u00e9es \u00e0 un fond cartographique mondial (Natural Earth) pour une meilleure lisibilit\u00e9. Les donn\u00e9es sont utilis\u00e9es dans le respect des licences et conditions d\u2019attribution des plateformes d\u2019origine, dans un but strictement p\u00e9dagogique et non commercial.<\/p>\n<p><span style=\"font-family: &quot;&quot;, sans-serif;\">&nbsp;<br>Les cartes ne sont pas disponibles pour l&rsquo;ensemble des esp\u00e8ces, des nouvelles cartes seront disponibles prochainement.&nbsp;<\/span><\/p>\n<p><span style=\"font-family: &quot;&quot;, sans-serif;\">&nbsp;<\/span><\/p>\n<h3 style=\"background-color: #f6f6f6; line-height: 1.30435em; letter-spacing: normal;\" data-start=\"1215\" data-end=\"1273\"><strong data-start=\"1222\" data-end=\"1273\">r\u00e9gion et altitude moyenne<\/strong><\/h3>\n<div><span style=\"font-family: &quot;&quot;, sans-serif; background-color: #f6f6f6;\">Les donn\u00e9es ont \u00e9t\u00e9 r\u00e9cup\u00e9r\u00e9e gr\u00e2ce \u00e0 la base de donn\u00e9es BIRDBASE.<\/span><\/div>\n<div><strong data-start=\"1222\" data-end=\"1273\">&nbsp;<\/strong><\/div>\n<\/div>\n<h3 data-start=\"1215\" data-end=\"1273\"><strong data-start=\"1222\" data-end=\"1273\">Statut UICN (menace &amp; tendance des populations)<\/strong><\/h3>\n<p data-start=\"1274\" data-end=\"1384\">Les donn\u00e9es de conservation proviennent directement du site de l\u2019<strong data-start=\"1339\" data-end=\"1382\">UICN \u2013 Liste rouge des esp\u00e8ces menac\u00e9es. <\/strong><\/p>\n<p data-start=\"1274\" data-end=\"1384\">Avec le syst\u00e8me de la Liste rouge de l\u2019UICN, chaque esp\u00e8ce ou sous-esp\u00e8ce peut \u00eatre class\u00e9e dans l\u2019une des neuf cat\u00e9gories suivantes :&nbsp;<span lang=\"FR-FR\" xml:lang=\"FR-FR\" data-contrast=\"none\">\u00c9<\/span>teinte (EX),&nbsp;<span lang=\"FR-FR\" xml:lang=\"FR-FR\" data-contrast=\"none\">\u00c9<\/span>teinte \u00e0 l\u2019\u00e9tat sauvage (EW), En danger critique (CR), En danger (EN), Vuln\u00e9rable (VU), Quasi menac\u00e9e (NT), Pr\u00e9occupation mineure (LC), Donn\u00e9es insuffisantes (DD), Non \u00e9valu\u00e9e (NE). Les donn\u00e9es choisies et affich\u00e9es dans l&rsquo;interface sont les donn\u00e9es \u00e0 l&rsquo;\u00e9chelle globale.<\/p>\n<h3 style=\"background-color: #f6f6f6; line-height: 1.30435em; letter-spacing: normal;\" data-start=\"1215\" data-end=\"1273\">ANNEXES<br><span style=\"font-size: 14px; font-weight: 400; text-transform: none; color: #7a7a7a;\">Les informations ont \u00e9t\u00e9 r\u00e9cup\u00e9r\u00e9es via le site Species+.<\/span><\/h3>\n<h3 style=\"background-color: #f6f6f6; line-height: 1.30435em; letter-spacing: normal;\" data-start=\"648\" data-end=\"677\"><span style=\"color: #7a7a7a;\"><span style=\"font-size: 14px; font-weight: 400; text-transform: none;\">&nbsp;<\/span><\/span><\/h3>\n<h3 style=\"background-color: #f6f6f6; line-height: 1.30435em; letter-spacing: normal;\" data-start=\"1215\" data-end=\"1273\"><strong data-start=\"1222\" data-end=\"1273\">NOMS VERNACULAIRES ET NOMS LATINS<\/strong><\/h3>\n<div><span style=\"font-family: &quot;&quot;, sans-serif;\">Ces donn\u00e9es sont extraites de la <\/span><strong style=\"font-family: &quot;&quot;, sans-serif;\" data-start=\"900\" data-end=\"943\">base IOC World Bird List (version 2024)<\/strong><span style=\"font-family: &quot;&quot;, sans-serif;\">, une r\u00e9f\u00e9rence taxonomique reconnue \u00e0 l\u2019\u00e9chelle internationale.<\/span><\/div>\n<div><span style=\"font-family: &quot;&quot;, sans-serif;\">&nbsp;<\/span><\/div>\n<h3 data-start=\"1567\" data-end=\"1625\"><strong data-start=\"1575\" data-end=\"1625\">R\u00e9gime alimentaire &amp; strat\u00e9gies de fourragement<\/strong><\/h3>\n<p data-start=\"1626\" data-end=\"1762\">Ces informations sont issues de la base <strong data-start=\"1666\" data-end=\"1681\">EltonTraits<\/strong>, qui fournit des estimations normalis\u00e9es du comportement \u00e9cologique des oiseaux.&nbsp;<\/p>\n<p data-start=\"1764\" data-end=\"1847\">Les donn\u00e9es sont pr\u00e9sent\u00e9es sous forme de graphiques circulaires, correspondant \u00e0 :<\/p>\n<h4 data-start=\"1849\" data-end=\"1894\"><strong data-start=\"1857\" data-end=\"1894\">&nbsp;<\/strong><\/h4>\n<h4 data-start=\"1849\" data-end=\"1894\"><strong data-start=\"1857\" data-end=\"1894\">Composition du r\u00e9gime alimentaire<\/strong><\/h4>\n<p data-start=\"1895\" data-end=\"1962\">Estimations du pourcentage d\u2019utilisation des cat\u00e9gories suivantes :<\/p>\n<div>\n<div tabindex=\"-1\">\n<table data-start=\"1964\" data-end=\"2446\">\n<thead data-start=\"1964\" data-end=\"1991\">\n<tr data-start=\"1964\" data-end=\"1991\">\n<th data-start=\"1964\" data-end=\"1976\" data-col-size=\"sm\">Cat\u00e9gorie<\/th>\n<th data-start=\"1976\" data-end=\"1991\" data-col-size=\"md\">Description<\/th>\n<\/tr>\n<\/thead>\n<tbody data-start=\"2019\" data-end=\"2446\">\n<tr data-start=\"2019\" data-end=\"2068\">\n<td data-start=\"2019\" data-end=\"2037\" data-col-size=\"sm\"><strong data-start=\"2021\" data-end=\"2036\">Invert\u00e9br\u00e9s<\/strong><\/td>\n<td data-col-size=\"md\" data-start=\"2037\" data-end=\"2068\">Insectes, vers, mollusques\u2026<\/td>\n<\/tr>\n<tr data-start=\"2069\" data-end=\"2120\">\n<td data-start=\"2069\" data-end=\"2097\" data-col-size=\"sm\"><strong data-start=\"2071\" data-end=\"2096\">Vert\u00e9br\u00e9s endothermes<\/strong><\/td>\n<td data-col-size=\"md\" data-start=\"2097\" data-end=\"2120\">Mammif\u00e8res, oiseaux<\/td>\n<\/tr>\n<tr data-start=\"2121\" data-end=\"2173\">\n<td data-start=\"2121\" data-end=\"2149\" data-col-size=\"sm\"><strong data-start=\"2123\" data-end=\"2148\">Vert\u00e9br\u00e9s ectothermes<\/strong><\/td>\n<td data-col-size=\"md\" data-start=\"2149\" data-end=\"2173\">Reptiles, amphibiens<\/td>\n<\/tr>\n<tr data-start=\"2174\" data-end=\"2211\">\n<td data-start=\"2174\" data-end=\"2189\" data-col-size=\"sm\"><strong data-start=\"2176\" data-end=\"2188\">Poissons<\/strong><\/td>\n<td data-col-size=\"md\" data-start=\"2189\" data-end=\"2211\">Esp\u00e8ces aquatiques<\/td>\n<\/tr>\n<tr data-start=\"2212\" data-end=\"2258\">\n<td data-start=\"2212\" data-end=\"2228\" data-col-size=\"sm\"><strong data-start=\"2214\" data-end=\"2227\">Charognes<\/strong><\/td>\n<td data-col-size=\"md\" data-start=\"2228\" data-end=\"2258\">Restes, carcasses, d\u00e9chets<\/td>\n<\/tr>\n<tr data-start=\"2259\" data-end=\"2292\">\n<td data-start=\"2259\" data-end=\"2272\" data-col-size=\"sm\"><strong data-start=\"2261\" data-end=\"2271\">Fruits<\/strong><\/td>\n<td data-col-size=\"md\" data-start=\"2272\" data-end=\"2292\">Fruits et drupes<\/td>\n<\/tr>\n<tr data-start=\"2293\" data-end=\"2335\">\n<td data-start=\"2293\" data-end=\"2307\" data-col-size=\"sm\"><strong data-start=\"2295\" data-end=\"2306\">Nectars<\/strong><\/td>\n<td data-col-size=\"md\" data-start=\"2307\" data-end=\"2335\">Nectar, pollen, exsudats<\/td>\n<\/tr>\n<tr data-start=\"2336\" data-end=\"2376\">\n<td data-start=\"2336\" data-end=\"2350\" data-col-size=\"sm\"><strong data-start=\"2338\" data-end=\"2349\">Graines<\/strong><\/td>\n<td data-col-size=\"md\" data-start=\"2350\" data-end=\"2376\">Grains, c\u00e9r\u00e9ales, noix<\/td>\n<\/tr>\n<tr data-start=\"2377\" data-end=\"2446\">\n<td data-start=\"2377\" data-end=\"2401\" data-col-size=\"sm\"><strong data-start=\"2379\" data-end=\"2400\">V\u00e9g\u00e9taux<\/strong><\/td>\n<td data-col-size=\"md\" data-start=\"2401\" data-end=\"2446\">Feuilles, herbes, tiges, plantes diverses<\/td>\n<\/tr>\n<\/tbody>\n<\/table>\n<\/div>\n<\/div>\n<h4 data-start=\"2785\" data-end=\"2820\"><strong data-start=\"2793\" data-end=\"2820\">&nbsp;<\/strong><\/h4>\n<h4 data-start=\"2785\" data-end=\"2820\"><strong data-start=\"2793\" data-end=\"2820\">Strates de fourragement<\/strong><\/h4>\n<p data-start=\"2821\" data-end=\"2923\">Les donn\u00e9es indiquent la proportion d\u2019activit\u00e9 de recherche de nourriture dans les strates suivantes :<\/p>\n<p data-start=\"2821\" data-end=\"2923\"><strong data-start=\"2927\" data-end=\"2941\">Sous l\u2019eau<\/strong><\/p>\n<p data-start=\"2821\" data-end=\"2923\"><strong data-start=\"2944\" data-end=\"2964\">Surface de l\u2019eau<\/strong><\/p>\n<p data-start=\"2821\" data-end=\"2923\"><strong data-start=\"2967\" data-end=\"2974\">Sol<\/strong><\/p>\n<p data-start=\"2821\" data-end=\"2923\"><strong data-start=\"2977\" data-end=\"2997\">Sous-bois (&lt; 2m)<\/strong><\/p>\n<p data-start=\"2821\" data-end=\"2923\"><strong data-start=\"3000\" data-end=\"3037\">Hauteur moyenne (2m \u00e0 la canop\u00e9e)<\/strong><\/p>\n<p data-start=\"2821\" data-end=\"2923\"><strong data-start=\"3040\" data-end=\"3051\">Canop\u00e9e<\/strong><\/p>\n<p data-start=\"2821\" data-end=\"2923\"><strong data-start=\"3054\" data-end=\"3071\">Dans les airs<\/strong><\/p>\n<p data-start=\"3073\" data-end=\"3191\">Chaque strate re\u00e7oit aussi un score de 0 \u00e0 10, totalisant 10 (soit 100 %), pour repr\u00e9senter les habitudes de l\u2019esp\u00e8ce.<\/p>\n<p data-start=\"942\" data-end=\"1072\"><a target=\"_new\" rel=\"noopener\" data-start=\"1144\" data-end=\"1208\">&nbsp;<\/a><\/p>\n<h3 data-start=\"175\" data-end=\"257\">M\u00e9thodologie de codage des r\u00e9gimes alimentaires et strategies de fourragement (d\u2019apr\u00e8s Wilman et al., 2014)<\/h3>\n<p data-start=\"259\" data-end=\"545\">Dans leur base de donn\u00e9es EltonTraits, <strong data-start=\"298\" data-end=\"322\">Wilman et al. (2014)<\/strong> ont cherch\u00e9 \u00e0 traduire les informations relatives aux <strong data-start=\"377\" data-end=\"401\">r\u00e9gimes alimentaires<\/strong> et aux <strong data-start=\"409\" data-end=\"436\">strates de fourragement<\/strong> en donn\u00e9es aussi <strong data-start=\"454\" data-end=\"484\">quantitatives que possible<\/strong>, \u00e0 partir de descriptions expertes issues de la litt\u00e9rature.<\/p>\n<p data-start=\"547\" data-end=\"926\">Les descriptions publi\u00e9es sont rarement exprim\u00e9es de fa\u00e7on chiffr\u00e9e en pourcentages. Cependant, elles sont g\u00e9n\u00e9ralement assez pr\u00e9cises pour permettre une <strong data-start=\"701\" data-end=\"745\">estimation proportionnelle approximative<\/strong>.<br data-start=\"746\" data-end=\"749\">Pour cela, les auteurs ont mis en place une <strong data-start=\"793\" data-end=\"851\">standardisation de l\u2019interpr\u00e9tation de certains termes<\/strong> et de leur poids relatif, afin d\u2019assurer une coh\u00e9rence dans toute la base.<\/p>\n<p data-start=\"928\" data-end=\"1322\">Pour chaque cat\u00e9gorie de nourriture ou de strate de fourragement, une <strong data-start=\"998\" data-end=\"1029\">importance relative estim\u00e9e<\/strong> a \u00e9t\u00e9 cod\u00e9e sous forme d\u2019un <strong data-start=\"1058\" data-end=\"1085\">entier allant de 0 \u00e0 10<\/strong>, chaque unit\u00e9 correspondant \u00e0 un palier de 10 %.<br data-start=\"1134\" data-end=\"1137\">Ainsi, une valeur de <code data-start=\"1158\" data-end=\"1161\">3<\/code> repr\u00e9sente une utilisation estim\u00e9e de 30 %, et la <strong data-start=\"1212\" data-end=\"1246\">somme de toutes les cat\u00e9gories<\/strong> au sein d\u2019une m\u00eame variable (r\u00e9gime ou strate) <strong data-start=\"1294\" data-end=\"1309\">totalise 10<\/strong>, soit 100 %.<\/p>\n<p data-start=\"1324\" data-end=\"1430\">Les auteurs ont \u00e9tabli des correspondances entre expressions courantes et scores num\u00e9riques. Par exemple :<\/p>\n<p data-start=\"1324\" data-end=\"1430\">\u00ab Mange principalement des fruits \u00bb \u2192 score de 6 ou plus<\/p>\n<p data-start=\"1324\" data-end=\"1430\">\u00ab Mange parfois des fruits \u00bb \u2192 score de 1 ou 2<\/p>\n<p data-start=\"1324\" data-end=\"1430\">\u00ab Mange occasionnellement des fruits \u00bb \u2192 score d\u2019au plus 1<\/p>\n<p data-start=\"1601\" data-end=\"2145\">Les scores ont \u00e9t\u00e9 <strong data-start=\"1620\" data-end=\"1676\">ajust\u00e9s en fonction du reste du texte et du contexte<\/strong>.<br data-start=\"1677\" data-end=\"1680\">Lorsque plusieurs types d\u2019aliments ou de strates \u00e9taient list\u00e9s comme importants, les scores individuels ont \u00e9t\u00e9 <strong data-start=\"1793\" data-end=\"1804\">r\u00e9duits<\/strong> pour maintenir l\u2019\u00e9quilibre.<br data-start=\"1832\" data-end=\"1835\">Par exemple, si une esp\u00e8ce est d\u00e9crite comme \u00ab mange principalement des fruits et parfois des graines et des feuilles \u00bb, alors les auteurs attribuaient <strong data-start=\"1987\" data-end=\"2000\">fruit = 6<\/strong>, <strong data-start=\"2002\" data-end=\"2017\">graines = 2<\/strong>, <strong data-start=\"2019\" data-end=\"2035\">feuilles = 2<\/strong>.<br data-start=\"2036\" data-end=\"2039\">S\u2019il n\u2019y avait qu\u2019un seul aliment secondaire, les valeurs pouvaient \u00eatre <strong data-start=\"2112\" data-end=\"2125\">fruit = 8<\/strong> et <strong data-start=\"2129\" data-end=\"2144\" data-is-only-node=\"\">graines = 2<\/strong>.<\/p>\n<p data-start=\"2147\" data-end=\"2542\">L\u2019analyse comparative de plusieurs sources pour une m\u00eame esp\u00e8ce a montr\u00e9 que les auteurs listent g\u00e9n\u00e9ralement <strong data-start=\"2257\" data-end=\"2307\">les cat\u00e9gories les plus importantes en premier<\/strong>, suivies des autres par ordre d\u00e9croissant d\u2019importance.<br data-start=\"2363\" data-end=\"2366\">En l\u2019absence de termes comparatifs explicites, Wilman et al. ont attribu\u00e9 <strong data-start=\"2440\" data-end=\"2492\">plus de poids \u00e0 la premi\u00e8re cat\u00e9gorie mentionn\u00e9e<\/strong>, puis des valeurs d\u00e9gressives pour les suivantes.<\/p>\n<h3 data-start=\"3293\" data-end=\"3358\"><strong data-start=\"3299\" data-end=\"3358\">Traits fonctionnels : rythme, habitat, migration, SCOialit\u00e9 et poids<\/strong><\/h3>\n<p data-start=\"3359\" data-end=\"3446\">Ces donn\u00e9es sont crois\u00e9es entre <strong data-start=\"3391\" data-end=\"3406\">EltonTraits,<\/strong>&nbsp;<strong data-start=\"3410\" data-end=\"3420\">AVONET et BIRDBASE<\/strong>, selon la disponibilit\u00e9. Pour le poids, la valeur moyenne entre les m\u00e2les et les femelles est affich\u00e9e.<\/p>\n<h3 data-start=\"3771\" data-end=\"3791\"><strong data-start=\"3778\" data-end=\"3791\">Long\u00e9vit\u00e9<\/strong><\/h3>\n<p data-start=\"3792\" data-end=\"3909\">Les donn\u00e9es sur la long\u00e9vit\u00e9 proviennent de la base <strong data-start=\"3844\" data-end=\"3853\">AnAge<\/strong>, d\u00e9velopp\u00e9e par le <strong data-start=\"3873\" data-end=\"3907\">Human Ageing Genomic Resources<\/strong> :<\/p>\n<p data-start=\"3792\" data-end=\"3909\">\u00c2ge maximum enregistr\u00e9 (en ann\u00e9es, arrondi \u00e0 l&rsquo;ann\u00e9e sup\u00e9rieure)<\/p>\n<p data-start=\"3792\" data-end=\"3909\">Source de l\u2019information : <strong data-start=\"3976\" data-end=\"3992\">\u00c9tat naturel<\/strong>, <strong data-start=\"3994\" data-end=\"4007\">captivit\u00e9<\/strong> ou <strong data-start=\"4011\" data-end=\"4022\">inconnu.<\/strong><\/p>\n<p data-start=\"3792\" data-end=\"3909\"><strong data-start=\"4011\" data-end=\"4022\">&nbsp;<\/strong><\/p>\n<h3 data-start=\"4240\" data-end=\"4273\"><strong data-start=\"4247\" data-end=\"4273\">Donn\u00e9es morphologiques<\/strong><\/h3>\n<p data-start=\"4274\" data-end=\"4418\">Ces mesures proviennent exclusivement de la base <strong data-start=\"4323\" data-end=\"4333\">AVONET.<\/strong><\/p>\n<p data-start=\"4274\" data-end=\"4418\"><strong data-start=\"4323\" data-end=\"4333\">&nbsp;<br><\/strong><\/p>\n<h3 style=\"background-color: #f6f6f6; line-height: 1.30435em; letter-spacing: normal;\" data-start=\"3771\" data-end=\"3791\"><strong data-start=\"3778\" data-end=\"3791\">reproduction<\/strong><\/h3>\n<p><span style=\"background-color: #f6f6f6;\">Ces donn\u00e9es proviennent exclusivement de la base&nbsp;<\/span><strong style=\"background-color: #f6f6f6;\" data-start=\"4323\" data-end=\"4333\">BIRDBASE.<\/strong><\/p>\n<p><strong style=\"background-color: #f6f6f6;\" data-start=\"4323\" data-end=\"4333\">&nbsp;<\/strong><\/p>\n<h3 style=\"background-color: #f6f6f6; line-height: 1.30435em; letter-spacing: normal;\" data-start=\"4240\" data-end=\"4273\"><strong data-start=\"3778\" data-end=\"3791\">remarque g\u00e9n\u00e9rale<\/strong><\/h3>\n<p data-start=\"5026\" data-end=\"5272\">Toutes les donn\u00e9es affich\u00e9es sont issues de sources ouvertes ou r\u00e9utilisables avec attribution.<br data-start=\"5121\" data-end=\"5124\">L\u2019objectif est de proposer une <strong data-start=\"5155\" data-end=\"5180\">interface p\u00e9dagogique<\/strong> pour l\u2019exploration scientifique, sans revendication de propri\u00e9t\u00e9 sur les donn\u00e9es d\u2019origine.<\/p>\t\t\t\t\t\t\t\t<\/div>\n\t\t\t\t<\/div>\n\t\t\t\t\t<\/div>\n\t\t\t\t<\/div>\n\t\t\t\t<\/div>\n\t\t","protected":false},"excerpt":{"rendered":"<p>Ce site propose une visualisation enrichie de donn\u00e9es scientifiques issues de bases ouvertes et fiables.Voici les sources utilis\u00e9es pour chaque type d\u2019information, ainsi que les m\u00e9thodes de construction des donn\u00e9es affich\u00e9es : Image de l\u2019esp\u00e8ce Les images sont automatiquement r\u00e9cup\u00e9r\u00e9es via l\u2019API de Wikipedia, sur&#8230;<\/p>\n","protected":false},"author":1,"featured_media":0,"parent":0,"menu_order":0,"comment_status":"closed","ping_status":"closed","template":"","meta":{"pmpro_default_level":"","footnotes":""},"class_list":["post-837","page","type-page","status-publish","hentry","pmpro-has-access"],"_links":{"self":[{"href":"https:\/\/spes.anivise.fr\/index.php\/wp-json\/wp\/v2\/pages\/837","targetHints":{"allow":["GET"]}}],"collection":[{"href":"https:\/\/spes.anivise.fr\/index.php\/wp-json\/wp\/v2\/pages"}],"about":[{"href":"https:\/\/spes.anivise.fr\/index.php\/wp-json\/wp\/v2\/types\/page"}],"author":[{"embeddable":true,"href":"https:\/\/spes.anivise.fr\/index.php\/wp-json\/wp\/v2\/users\/1"}],"replies":[{"embeddable":true,"href":"https:\/\/spes.anivise.fr\/index.php\/wp-json\/wp\/v2\/comments?post=837"}],"version-history":[{"count":28,"href":"https:\/\/spes.anivise.fr\/index.php\/wp-json\/wp\/v2\/pages\/837\/revisions"}],"predecessor-version":[{"id":1913,"href":"https:\/\/spes.anivise.fr\/index.php\/wp-json\/wp\/v2\/pages\/837\/revisions\/1913"}],"wp:attachment":[{"href":"https:\/\/spes.anivise.fr\/index.php\/wp-json\/wp\/v2\/media?parent=837"}],"curies":[{"name":"wp","href":"https:\/\/api.w.org\/{rel}","templated":true}]}}